{"id":298654,"date":"2023-07-03T14:01:02","date_gmt":"2023-07-03T12:01:02","guid":{"rendered":"https:\/\/www.igr.univ-rennes.fr\/?post_type=temoignages&#038;p=298654"},"modified":"2023-07-03T14:02:59","modified_gmt":"2023-07-03T12:02:59","slug":"tom-en-mobilite-internationale-a-luniversite-mcgill-montreal","status":"publish","type":"temoignages","link":"https:\/\/www.igr.univ-rennes.fr\/fr\/temoignages\/tom-en-mobilite-internationale-a-luniversite-mcgill-montreal\/","title":{"rendered":"Tom, en mobilit\u00e9 internationale \u00e0 l&rsquo;Universit\u00e9 McGill, Montr\u00e9al"},"content":{"rendered":"","protected":false},"featured_media":298655,"template":"","type_temoignage":[72],"class_list":["post-298654","temoignages","type-temoignages","status-publish","has-post-thumbnail","hentry","type_temoignage-international"],"acf":[],"yoast_head":"<!-- This site is optimized with the Yoast SEO plugin v27.5 - https:\/\/yoast.com\/product\/yoast-seo-wordpress\/ -->\n<title>Tom, en mobilit\u00e9 internationale \u00e0 l&rsquo;Universit\u00e9 McGill, Montr\u00e9al - IGR IAE Rennes<\/title>\n<meta name=\"robots\" content=\"index, follow, max-snippet:-1, max-image-preview:large, max-video-preview:-1\" \/>\n<link rel=\"canonical\" href=\"https:\/\/www.igr.univ-rennes.fr\/fr\/temoignages\/tom-en-mobilite-internationale-a-luniversite-mcgill-montreal\/\" \/>\n<meta property=\"og:locale\" content=\"fr_FR\" \/>\n<meta property=\"og:type\" content=\"article\" \/>\n<meta property=\"og:title\" content=\"Tom, en mobilit\u00e9 internationale \u00e0 l&rsquo;Universit\u00e9 McGill, Montr\u00e9al - IGR IAE Rennes\" \/>\n<meta property=\"og:url\" content=\"https:\/\/www.igr.univ-rennes.fr\/fr\/temoignages\/tom-en-mobilite-internationale-a-luniversite-mcgill-montreal\/\" \/>\n<meta property=\"og:site_name\" content=\"IGR IAE Rennes\" \/>\n<meta property=\"article:modified_time\" content=\"2023-07-03T12:02:59+00:00\" \/>\n<meta property=\"og:image\" content=\"https:\/\/www.igr.univ-rennes.fr\/wp-content\/uploads\/2023\/07\/image00029.jpeg\" \/>\n\t<meta property=\"og:image:width\" content=\"2048\" \/>\n\t<meta property=\"og:image:height\" content=\"1536\" \/>\n\t<meta property=\"og:image:type\" content=\"image\/jpeg\" \/>\n<meta name=\"twitter:card\" content=\"summary_large_image\" \/>\n<script type=\"application\/ld+json\" class=\"yoast-schema-graph\">{\"@context\":\"https:\\\/\\\/schema.org\",\"@graph\":[{\"@type\":\"WebPage\",\"@id\":\"https:\\\/\\\/www.igr.univ-rennes.fr\\\/fr\\\/temoignages\\\/tom-en-mobilite-internationale-a-luniversite-mcgill-montreal\\\/\",\"url\":\"https:\\\/\\\/www.igr.univ-rennes.fr\\\/fr\\\/temoignages\\\/tom-en-mobilite-internationale-a-luniversite-mcgill-montreal\\\/\",\"name\":\"Tom, en mobilit\u00e9 internationale \u00e0 l&rsquo;Universit\u00e9 McGill, Montr\u00e9al - IGR IAE Rennes\",\"isPartOf\":{\"@id\":\"https:\\\/\\\/www.igr.univ-rennes.fr\\\/fr\\\/#website\"},\"primaryImageOfPage\":{\"@id\":\"https:\\\/\\\/www.igr.univ-rennes.fr\\\/fr\\\/temoignages\\\/tom-en-mobilite-internationale-a-luniversite-mcgill-montreal\\\/#primaryimage\"},\"image\":{\"@id\":\"https:\\\/\\\/www.igr.univ-rennes.fr\\\/fr\\\/temoignages\\\/tom-en-mobilite-internationale-a-luniversite-mcgill-montreal\\\/#primaryimage\"},\"thumbnailUrl\":\"https:\\\/\\\/www.igr.univ-rennes.fr\\\/wp-content\\\/uploads\\\/2023\\\/07\\\/image00029.jpeg\",\"datePublished\":\"2023-07-03T12:01:02+00:00\",\"dateModified\":\"2023-07-03T12:02:59+00:00\",\"breadcrumb\":{\"@id\":\"https:\\\/\\\/www.igr.univ-rennes.fr\\\/fr\\\/temoignages\\\/tom-en-mobilite-internationale-a-luniversite-mcgill-montreal\\\/#breadcrumb\"},\"inLanguage\":\"fr-FR\",\"potentialAction\":[{\"@type\":\"ReadAction\",\"target\":[\"https:\\\/\\\/www.igr.univ-rennes.fr\\\/fr\\\/temoignages\\\/tom-en-mobilite-internationale-a-luniversite-mcgill-montreal\\\/\"]}]},{\"@type\":\"ImageObject\",\"inLanguage\":\"fr-FR\",\"@id\":\"https:\\\/\\\/www.igr.univ-rennes.fr\\\/fr\\\/temoignages\\\/tom-en-mobilite-internationale-a-luniversite-mcgill-montreal\\\/#primaryimage\",\"url\":\"https:\\\/\\\/www.igr.univ-rennes.fr\\\/wp-content\\\/uploads\\\/2023\\\/07\\\/image00029.jpeg\",\"contentUrl\":\"https:\\\/\\\/www.igr.univ-rennes.fr\\\/wp-content\\\/uploads\\\/2023\\\/07\\\/image00029.jpeg\",\"width\":2048,\"height\":1536},{\"@type\":\"BreadcrumbList\",\"@id\":\"https:\\\/\\\/www.igr.univ-rennes.fr\\\/fr\\\/temoignages\\\/tom-en-mobilite-internationale-a-luniversite-mcgill-montreal\\\/#breadcrumb\",\"itemListElement\":[{\"@type\":\"ListItem\",\"position\":1,\"name\":\"Accueil\",\"item\":\"https:\\\/\\\/www.igr.univ-rennes.fr\\\/fr\\\/\"},{\"@type\":\"ListItem\",\"position\":2,\"name\":\"Temoignages\",\"item\":\"https:\\\/\\\/www.igr.univ-rennes.fr\\\/fr\\\/temoignages\\\/\"},{\"@type\":\"ListItem\",\"position\":3,\"name\":\"Tom, en mobilit\u00e9 internationale \u00e0 l&rsquo;Universit\u00e9 McGill, Montr\u00e9al\"}]},{\"@type\":\"WebSite\",\"@id\":\"https:\\\/\\\/www.igr.univ-rennes.fr\\\/fr\\\/#website\",\"url\":\"https:\\\/\\\/www.igr.univ-rennes.fr\\\/fr\\\/\",\"name\":\"IGR IAE Rennes\",\"description\":\"\",\"publisher\":{\"@id\":\"https:\\\/\\\/www.igr.univ-rennes.fr\\\/fr\\\/#organization\"},\"potentialAction\":[{\"@type\":\"SearchAction\",\"target\":{\"@type\":\"EntryPoint\",\"urlTemplate\":\"https:\\\/\\\/www.igr.univ-rennes.fr\\\/fr\\\/?s={search_term_string}\"},\"query-input\":{\"@type\":\"PropertyValueSpecification\",\"valueRequired\":true,\"valueName\":\"search_term_string\"}}],\"inLanguage\":\"fr-FR\"},{\"@type\":\"Organization\",\"@id\":\"https:\\\/\\\/www.igr.univ-rennes.fr\\\/fr\\\/#organization\",\"name\":\"IGR IAE Rennes\",\"url\":\"https:\\\/\\\/www.igr.univ-rennes.fr\\\/fr\\\/\",\"logo\":{\"@type\":\"ImageObject\",\"inLanguage\":\"fr-FR\",\"@id\":\"https:\\\/\\\/www.igr.univ-rennes.fr\\\/fr\\\/#\\\/schema\\\/logo\\\/image\\\/\",\"url\":\"https:\\\/\\\/www.igr.univ-rennes.fr\\\/wp-content\\\/uploads\\\/2020\\\/06\\\/Logo-IGR-IAE-Rennes_Blanc-300dpi-RVB-e1597327228224.png\",\"contentUrl\":\"https:\\\/\\\/www.igr.univ-rennes.fr\\\/wp-content\\\/uploads\\\/2020\\\/06\\\/Logo-IGR-IAE-Rennes_Blanc-300dpi-RVB-e1597327228224.png\",\"width\":290,\"height\":107,\"caption\":\"IGR IAE Rennes\"},\"image\":{\"@id\":\"https:\\\/\\\/www.igr.univ-rennes.fr\\\/fr\\\/#\\\/schema\\\/logo\\\/image\\\/\"}}]}<\/script>\n<!-- \/ Yoast SEO plugin. -->","yoast_head_json":{"title":"Tom, en mobilit\u00e9 internationale \u00e0 l&rsquo;Universit\u00e9 McGill, Montr\u00e9al - IGR IAE Rennes","robots":{"index":"index","follow":"follow","max-snippet":"max-snippet:-1","max-image-preview":"max-image-preview:large","max-video-preview":"max-video-preview:-1"},"canonical":"https:\/\/www.igr.univ-rennes.fr\/fr\/temoignages\/tom-en-mobilite-internationale-a-luniversite-mcgill-montreal\/","og_locale":"fr_FR","og_type":"article","og_title":"Tom, en mobilit\u00e9 internationale \u00e0 l&rsquo;Universit\u00e9 McGill, Montr\u00e9al - IGR IAE Rennes","og_url":"https:\/\/www.igr.univ-rennes.fr\/fr\/temoignages\/tom-en-mobilite-internationale-a-luniversite-mcgill-montreal\/","og_site_name":"IGR IAE Rennes","article_modified_time":"2023-07-03T12:02:59+00:00","og_image":[{"width":2048,"height":1536,"url":"https:\/\/www.igr.univ-rennes.fr\/wp-content\/uploads\/2023\/07\/image00029.jpeg","type":"image\/jpeg"}],"twitter_card":"summary_large_image","schema":{"@context":"https:\/\/schema.org","@graph":[{"@type":"WebPage","@id":"https:\/\/www.igr.univ-rennes.fr\/fr\/temoignages\/tom-en-mobilite-internationale-a-luniversite-mcgill-montreal\/","url":"https:\/\/www.igr.univ-rennes.fr\/fr\/temoignages\/tom-en-mobilite-internationale-a-luniversite-mcgill-montreal\/","name":"Tom, en mobilit\u00e9 internationale \u00e0 l&rsquo;Universit\u00e9 McGill, Montr\u00e9al - IGR IAE Rennes","isPartOf":{"@id":"https:\/\/www.igr.univ-rennes.fr\/fr\/#website"},"primaryImageOfPage":{"@id":"https:\/\/www.igr.univ-rennes.fr\/fr\/temoignages\/tom-en-mobilite-internationale-a-luniversite-mcgill-montreal\/#primaryimage"},"image":{"@id":"https:\/\/www.igr.univ-rennes.fr\/fr\/temoignages\/tom-en-mobilite-internationale-a-luniversite-mcgill-montreal\/#primaryimage"},"thumbnailUrl":"https:\/\/www.igr.univ-rennes.fr\/wp-content\/uploads\/2023\/07\/image00029.jpeg","datePublished":"2023-07-03T12:01:02+00:00","dateModified":"2023-07-03T12:02:59+00:00","breadcrumb":{"@id":"https:\/\/www.igr.univ-rennes.fr\/fr\/temoignages\/tom-en-mobilite-internationale-a-luniversite-mcgill-montreal\/#breadcrumb"},"inLanguage":"fr-FR","potentialAction":[{"@type":"ReadAction","target":["https:\/\/www.igr.univ-rennes.fr\/fr\/temoignages\/tom-en-mobilite-internationale-a-luniversite-mcgill-montreal\/"]}]},{"@type":"ImageObject","inLanguage":"fr-FR","@id":"https:\/\/www.igr.univ-rennes.fr\/fr\/temoignages\/tom-en-mobilite-internationale-a-luniversite-mcgill-montreal\/#primaryimage","url":"https:\/\/www.igr.univ-rennes.fr\/wp-content\/uploads\/2023\/07\/image00029.jpeg","contentUrl":"https:\/\/www.igr.univ-rennes.fr\/wp-content\/uploads\/2023\/07\/image00029.jpeg","width":2048,"height":1536},{"@type":"BreadcrumbList","@id":"https:\/\/www.igr.univ-rennes.fr\/fr\/temoignages\/tom-en-mobilite-internationale-a-luniversite-mcgill-montreal\/#breadcrumb","itemListElement":[{"@type":"ListItem","position":1,"name":"Accueil","item":"https:\/\/www.igr.univ-rennes.fr\/fr\/"},{"@type":"ListItem","position":2,"name":"Temoignages","item":"https:\/\/www.igr.univ-rennes.fr\/fr\/temoignages\/"},{"@type":"ListItem","position":3,"name":"Tom, en mobilit\u00e9 internationale \u00e0 l&rsquo;Universit\u00e9 McGill, Montr\u00e9al"}]},{"@type":"WebSite","@id":"https:\/\/www.igr.univ-rennes.fr\/fr\/#website","url":"https:\/\/www.igr.univ-rennes.fr\/fr\/","name":"IGR IAE Rennes","description":"","publisher":{"@id":"https:\/\/www.igr.univ-rennes.fr\/fr\/#organization"},"potentialAction":[{"@type":"SearchAction","target":{"@type":"EntryPoint","urlTemplate":"https:\/\/www.igr.univ-rennes.fr\/fr\/?s={search_term_string}"},"query-input":{"@type":"PropertyValueSpecification","valueRequired":true,"valueName":"search_term_string"}}],"inLanguage":"fr-FR"},{"@type":"Organization","@id":"https:\/\/www.igr.univ-rennes.fr\/fr\/#organization","name":"IGR IAE Rennes","url":"https:\/\/www.igr.univ-rennes.fr\/fr\/","logo":{"@type":"ImageObject","inLanguage":"fr-FR","@id":"https:\/\/www.igr.univ-rennes.fr\/fr\/#\/schema\/logo\/image\/","url":"https:\/\/www.igr.univ-rennes.fr\/wp-content\/uploads\/2020\/06\/Logo-IGR-IAE-Rennes_Blanc-300dpi-RVB-e1597327228224.png","contentUrl":"https:\/\/www.igr.univ-rennes.fr\/wp-content\/uploads\/2020\/06\/Logo-IGR-IAE-Rennes_Blanc-300dpi-RVB-e1597327228224.png","width":290,"height":107,"caption":"IGR IAE Rennes"},"image":{"@id":"https:\/\/www.igr.univ-rennes.fr\/fr\/#\/schema\/logo\/image\/"}}]}},"_links":{"self":[{"href":"https:\/\/www.igr.univ-rennes.fr\/fr\/wp-json\/wp\/v2\/temoignages\/298654","targetHints":{"allow":["GET"]}}],"collection":[{"href":"https:\/\/www.igr.univ-rennes.fr\/fr\/wp-json\/wp\/v2\/temoignages"}],"about":[{"href":"https:\/\/www.igr.univ-rennes.fr\/fr\/wp-json\/wp\/v2\/types\/temoignages"}],"version-history":[{"count":2,"href":"https:\/\/www.igr.univ-rennes.fr\/fr\/wp-json\/wp\/v2\/temoignages\/298654\/revisions"}],"predecessor-version":[{"id":298660,"href":"https:\/\/www.igr.univ-rennes.fr\/fr\/wp-json\/wp\/v2\/temoignages\/298654\/revisions\/298660"}],"wp:featuredmedia":[{"embeddable":true,"href":"https:\/\/www.igr.univ-rennes.fr\/fr\/wp-json\/wp\/v2\/media\/298655"}],"wp:attachment":[{"href":"https:\/\/www.igr.univ-rennes.fr\/fr\/wp-json\/wp\/v2\/media?parent=298654"}],"wp:term":[{"taxonomy":"type_temoignage","embeddable":true,"href":"https:\/\/www.igr.univ-rennes.fr\/fr\/wp-json\/wp\/v2\/type_temoignage?post=298654"}],"curies":[{"name":"wp","href":"https:\/\/api.w.org\/{rel}","templated":true}]}}

Tom, en mobilité internationale à l&rsquo;Université McGill, Montréal

<!-- This site is optimized with the Yoast SEO plugin v27.5 - https://yoast.com/product/yoast-seo-wordpress/ -->
<title>Tom, en mobilité internationale à l&rsquo;Université McGill, Montréal - IGR IAE Rennes</title>
<meta name="robots" content="index, follow, max-snippet:-1, max-image-preview:large, max-video-preview:-1" />
<link rel="canonical" href="https://www.igr.univ-rennes.fr/fr/temoignages/tom-en-mobilite-internationale-a-luniversite-mcgill-montreal/" />
<meta property="og:locale" content="fr_FR" />
<meta property="og:type" content="article" />
<meta property="og:title" content="Tom, en mobilité internationale à l&rsquo;Université McGill, Montréal - IGR IAE Rennes" />
<meta property="og:url" content="https://www.igr.univ-rennes.fr/fr/temoignages/tom-en-mobilite-internationale-a-luniversite-mcgill-montreal/" />
<meta property="og:site_name" content="IGR IAE Rennes" />
<meta property="article:modified_time" content="2023-07-03T12:02:59+00:00" />
<meta property="og:image" content="https://www.igr.univ-rennes.fr/wp-content/uploads/2023/07/image00029.jpeg" />
	<meta property="og:image:width" content="2048" />
	<meta property="og:image:height" content="1536" />
	<meta property="og:image:type" content="image/jpeg" />
<meta name="twitter:card" content="summary_large_image" />
<script type="application/ld+json" class="yoast-schema-graph">{"@context":"https:\/\/schema.org","@graph":[{"@type":"WebPage","@id":"https:\/\/www.igr.univ-rennes.fr\/fr\/temoignages\/tom-en-mobilite-internationale-a-luniversite-mcgill-montreal\/","url":"https:\/\/www.igr.univ-rennes.fr\/fr\/temoignages\/tom-en-mobilite-internationale-a-luniversite-mcgill-montreal\/","name":"Tom, en mobilité internationale à l&rsquo;Université McGill, Montréal - IGR IAE Rennes","isPartOf":{"@id":"https:\/\/www.igr.univ-rennes.fr\/fr\/#website"},"primaryImageOfPage":{"@id":"https:\/\/www.igr.univ-rennes.fr\/fr\/temoignages\/tom-en-mobilite-internationale-a-luniversite-mcgill-montreal\/#primaryimage"},"image":{"@id":"https:\/\/www.igr.univ-rennes.fr\/fr\/temoignages\/tom-en-mobilite-internationale-a-luniversite-mcgill-montreal\/#primaryimage"},"thumbnailUrl":"https:\/\/www.igr.univ-rennes.fr\/wp-content\/uploads\/2023\/07\/image00029.jpeg","datePublished":"2023-07-03T12:01:02+00:00","dateModified":"2023-07-03T12:02:59+00:00","breadcrumb":{"@id":"https:\/\/www.igr.univ-rennes.fr\/fr\/temoignages\/tom-en-mobilite-internationale-a-luniversite-mcgill-montreal\/#breadcrumb"},"inLanguage":"fr-FR","potentialAction":[{"@type":"ReadAction","target":["https:\/\/www.igr.univ-rennes.fr\/fr\/temoignages\/tom-en-mobilite-internationale-a-luniversite-mcgill-montreal\/"]}]},{"@type":"ImageObject","inLanguage":"fr-FR","@id":"https:\/\/www.igr.univ-rennes.fr\/fr\/temoignages\/tom-en-mobilite-internationale-a-luniversite-mcgill-montreal\/#primaryimage","url":"https:\/\/www.igr.univ-rennes.fr\/wp-content\/uploads\/2023\/07\/image00029.jpeg","contentUrl":"https:\/\/www.igr.univ-rennes.fr\/wp-content\/uploads\/2023\/07\/image00029.jpeg","width":2048,"height":1536},{"@type":"BreadcrumbList","@id":"https:\/\/www.igr.univ-rennes.fr\/fr\/temoignages\/tom-en-mobilite-internationale-a-luniversite-mcgill-montreal\/#breadcrumb","itemListElement":[{"@type":"ListItem","position":1,"name":"Accueil","item":"https:\/\/www.igr.univ-rennes.fr\/fr\/"},{"@type":"ListItem","position":2,"name":"Temoignages","item":"https:\/\/www.igr.univ-rennes.fr\/fr\/temoignages\/"},{"@type":"ListItem","position":3,"name":"Tom, en mobilité internationale à l&rsquo;Université McGill, Montréal"}]},{"@type":"WebSite","@id":"https:\/\/www.igr.univ-rennes.fr\/fr\/#website","url":"https:\/\/www.igr.univ-rennes.fr\/fr\/","name":"IGR IAE Rennes","description":"","publisher":{"@id":"https:\/\/www.igr.univ-rennes.fr\/fr\/#organization"},"potentialAction":[{"@type":"SearchAction","target":{"@type":"EntryPoint","urlTemplate":"https:\/\/www.igr.univ-rennes.fr\/fr\/?s={search_term_string}"},"query-input":{"@type":"PropertyValueSpecification","valueRequired":true,"valueName":"search_term_string"}}],"inLanguage":"fr-FR"},{"@type":"Organization","@id":"https:\/\/www.igr.univ-rennes.fr\/fr\/#organization","name":"IGR IAE Rennes","url":"https:\/\/www.igr.univ-rennes.fr\/fr\/","logo":{"@type":"ImageObject","inLanguage":"fr-FR","@id":"https:\/\/www.igr.univ-rennes.fr\/fr\/#\/schema\/logo\/image\/","url":"https:\/\/www.igr.univ-rennes.fr\/wp-content\/uploads\/2020\/06\/Logo-IGR-IAE-Rennes_Blanc-300dpi-RVB-e1597327228224.png","contentUrl":"https:\/\/www.igr.univ-rennes.fr\/wp-content\/uploads\/2020\/06\/Logo-IGR-IAE-Rennes_Blanc-300dpi-RVB-e1597327228224.png","width":290,"height":107,"caption":"IGR IAE Rennes"},"image":{"@id":"https:\/\/www.igr.univ-rennes.fr\/fr\/#\/schema\/logo\/image\/"}}]}</script>
<!-- / Yoast SEO plugin. -->

Tom, en mobilité internationale à l&rsquo;Université McGill, Montréal - IGR IAE Rennes
