{"id":576472,"date":"2026-04-09T15:29:13","date_gmt":"2026-04-09T13:29:13","guid":{"rendered":"https:\/\/www.igr.univ-rennes.fr\/?post_type=mec-events&#038;p=576472"},"modified":"2026-04-09T15:29:13","modified_gmt":"2026-04-09T13:29:13","slug":"conference-a-ligr-iae-rennes-dans-le-cadre-de-la-semaine-pour-la-qvtc-2026","status":"publish","type":"mec-events","link":"https:\/\/www.igr.univ-rennes.fr\/fr\/evenements\/conference-a-ligr-iae-rennes-dans-le-cadre-de-la-semaine-pour-la-qvtc-2026\/","title":{"rendered":"Conf\u00e9rence \u00e0 l\u2019IGR-IAE Rennes dans le cadre de la Semaine pour la QVTC 2026"},"content":{"rendered":"<p>L\u2019Agence R\u00e9gionale Aract Bretagne \u2013 Anact et l\u2019IGR-IAE Rennes organisent un \u00e9v\u00e9nement participatif et inspirant pour r\u00e9pondre \u00e0 la question \u00abComment cr\u00e9er les conditions d\u2019un management vertueux, porteur de qualit\u00e9 de vie et des conditions de travail (QVCT) ?\u00bb, du 15 au 19 juin 2026.<\/p>\n<p>Une conf\u00e9rence se d\u00e9roulera le 15 juin \u00e0 l&rsquo;IGR-IAE Rennes.<\/p>\n<p><a href=\"https:\/\/www.igr.univ-rennes.fr\/fr\/conference-a-ligr-iae-rennes-dans-le-cadre-de-la-semaine-pour-la-sqvt-2026\/\" target=\"_blank\" rel=\"noopener\">Plus d&rsquo;informations<\/a><\/p>\n","protected":false},"excerpt":{"rendered":"<p>L\u2019Agence R\u00e9gionale Aract Bretagne \u2013 Anact et l\u2019IGR-IAE Rennes organisent un \u00e9v\u00e9nement participatif et inspirant pour r\u00e9pondre \u00e0 la question [&hellip;]<\/p>\n","protected":false},"author":11,"featured_media":0,"comment_status":"closed","ping_status":"closed","template":"","tags":[],"mec_category":[82],"class_list":["post-576472","mec-events","type-mec-events","status-publish","hentry","mec_category-events"],"acf":[],"yoast_head":"<!-- This site is optimized with the Yoast SEO plugin v27.5 - https:\/\/yoast.com\/product\/yoast-seo-wordpress\/ -->\n<title>Conf\u00e9rence \u00e0 l\u2019IGR-IAE Rennes dans le cadre de la Semaine pour la QVTC 2026 - IGR IAE Rennes<\/title>\n<meta name=\"robots\" content=\"index, follow, max-snippet:-1, max-image-preview:large, max-video-preview:-1\" \/>\n<link rel=\"canonical\" href=\"https:\/\/www.igr.univ-rennes.fr\/fr\/evenements\/conference-a-ligr-iae-rennes-dans-le-cadre-de-la-semaine-pour-la-qvtc-2026\/\" \/>\n<meta property=\"og:locale\" content=\"fr_FR\" \/>\n<meta property=\"og:type\" content=\"article\" \/>\n<meta property=\"og:title\" content=\"Conf\u00e9rence \u00e0 l\u2019IGR-IAE Rennes dans le cadre de la Semaine pour la QVTC 2026 - IGR IAE Rennes\" \/>\n<meta property=\"og:description\" content=\"L\u2019Agence R\u00e9gionale Aract Bretagne \u2013 Anact et l\u2019IGR-IAE Rennes organisent un \u00e9v\u00e9nement participatif et inspirant pour r\u00e9pondre \u00e0 la question [&hellip;]\" \/>\n<meta property=\"og:url\" content=\"https:\/\/www.igr.univ-rennes.fr\/fr\/evenements\/conference-a-ligr-iae-rennes-dans-le-cadre-de-la-semaine-pour-la-qvtc-2026\/\" \/>\n<meta property=\"og:site_name\" content=\"IGR IAE Rennes\" \/>\n<meta name=\"twitter:card\" content=\"summary_large_image\" \/>\n<meta name=\"twitter:label1\" content=\"Dur\u00e9e de lecture estim\u00e9e\" \/>\n\t<meta name=\"twitter:data1\" content=\"1 minute\" \/>\n<script type=\"application\/ld+json\" class=\"yoast-schema-graph\">{\"@context\":\"https:\\\/\\\/schema.org\",\"@graph\":[{\"@type\":\"WebPage\",\"@id\":\"https:\\\/\\\/www.igr.univ-rennes.fr\\\/fr\\\/evenements\\\/conference-a-ligr-iae-rennes-dans-le-cadre-de-la-semaine-pour-la-qvtc-2026\\\/\",\"url\":\"https:\\\/\\\/www.igr.univ-rennes.fr\\\/fr\\\/evenements\\\/conference-a-ligr-iae-rennes-dans-le-cadre-de-la-semaine-pour-la-qvtc-2026\\\/\",\"name\":\"Conf\u00e9rence \u00e0 l\u2019IGR-IAE Rennes dans le cadre de la Semaine pour la QVTC 2026 - IGR IAE Rennes\",\"isPartOf\":{\"@id\":\"https:\\\/\\\/www.igr.univ-rennes.fr\\\/fr\\\/#website\"},\"datePublished\":\"2026-04-09T13:29:13+00:00\",\"breadcrumb\":{\"@id\":\"https:\\\/\\\/www.igr.univ-rennes.fr\\\/fr\\\/evenements\\\/conference-a-ligr-iae-rennes-dans-le-cadre-de-la-semaine-pour-la-qvtc-2026\\\/#breadcrumb\"},\"inLanguage\":\"fr-FR\",\"potentialAction\":[{\"@type\":\"ReadAction\",\"target\":[\"https:\\\/\\\/www.igr.univ-rennes.fr\\\/fr\\\/evenements\\\/conference-a-ligr-iae-rennes-dans-le-cadre-de-la-semaine-pour-la-qvtc-2026\\\/\"]}]},{\"@type\":\"BreadcrumbList\",\"@id\":\"https:\\\/\\\/www.igr.univ-rennes.fr\\\/fr\\\/evenements\\\/conference-a-ligr-iae-rennes-dans-le-cadre-de-la-semaine-pour-la-qvtc-2026\\\/#breadcrumb\",\"itemListElement\":[{\"@type\":\"ListItem\",\"position\":1,\"name\":\"Accueil\",\"item\":\"https:\\\/\\\/www.igr.univ-rennes.fr\\\/fr\\\/\"},{\"@type\":\"ListItem\",\"position\":2,\"name\":\"\u00c9venements\",\"item\":\"https:\\\/\\\/www.igr.univ-rennes.fr\\\/fr\\\/evenements\\\/\"},{\"@type\":\"ListItem\",\"position\":3,\"name\":\"Conf\u00e9rence \u00e0 l\u2019IGR-IAE Rennes dans le cadre de la Semaine pour la QVTC 2026\"}]},{\"@type\":\"WebSite\",\"@id\":\"https:\\\/\\\/www.igr.univ-rennes.fr\\\/fr\\\/#website\",\"url\":\"https:\\\/\\\/www.igr.univ-rennes.fr\\\/fr\\\/\",\"name\":\"IGR IAE Rennes\",\"description\":\"\",\"publisher\":{\"@id\":\"https:\\\/\\\/www.igr.univ-rennes.fr\\\/fr\\\/#organization\"},\"potentialAction\":[{\"@type\":\"SearchAction\",\"target\":{\"@type\":\"EntryPoint\",\"urlTemplate\":\"https:\\\/\\\/www.igr.univ-rennes.fr\\\/fr\\\/?s={search_term_string}\"},\"query-input\":{\"@type\":\"PropertyValueSpecification\",\"valueRequired\":true,\"valueName\":\"search_term_string\"}}],\"inLanguage\":\"fr-FR\"},{\"@type\":\"Organization\",\"@id\":\"https:\\\/\\\/www.igr.univ-rennes.fr\\\/fr\\\/#organization\",\"name\":\"IGR IAE Rennes\",\"url\":\"https:\\\/\\\/www.igr.univ-rennes.fr\\\/fr\\\/\",\"logo\":{\"@type\":\"ImageObject\",\"inLanguage\":\"fr-FR\",\"@id\":\"https:\\\/\\\/www.igr.univ-rennes.fr\\\/fr\\\/#\\\/schema\\\/logo\\\/image\\\/\",\"url\":\"https:\\\/\\\/www.igr.univ-rennes.fr\\\/wp-content\\\/uploads\\\/2020\\\/06\\\/Logo-IGR-IAE-Rennes_Blanc-300dpi-RVB-e1597327228224.png\",\"contentUrl\":\"https:\\\/\\\/www.igr.univ-rennes.fr\\\/wp-content\\\/uploads\\\/2020\\\/06\\\/Logo-IGR-IAE-Rennes_Blanc-300dpi-RVB-e1597327228224.png\",\"width\":290,\"height\":107,\"caption\":\"IGR IAE Rennes\"},\"image\":{\"@id\":\"https:\\\/\\\/www.igr.univ-rennes.fr\\\/fr\\\/#\\\/schema\\\/logo\\\/image\\\/\"}}]}<\/script>\n<!-- \/ Yoast SEO plugin. -->","yoast_head_json":{"title":"Conf\u00e9rence \u00e0 l\u2019IGR-IAE Rennes dans le cadre de la Semaine pour la QVTC 2026 - IGR IAE Rennes","robots":{"index":"index","follow":"follow","max-snippet":"max-snippet:-1","max-image-preview":"max-image-preview:large","max-video-preview":"max-video-preview:-1"},"canonical":"https:\/\/www.igr.univ-rennes.fr\/fr\/evenements\/conference-a-ligr-iae-rennes-dans-le-cadre-de-la-semaine-pour-la-qvtc-2026\/","og_locale":"fr_FR","og_type":"article","og_title":"Conf\u00e9rence \u00e0 l\u2019IGR-IAE Rennes dans le cadre de la Semaine pour la QVTC 2026 - IGR IAE Rennes","og_description":"L\u2019Agence R\u00e9gionale Aract Bretagne \u2013 Anact et l\u2019IGR-IAE Rennes organisent un \u00e9v\u00e9nement participatif et inspirant pour r\u00e9pondre \u00e0 la question [&hellip;]","og_url":"https:\/\/www.igr.univ-rennes.fr\/fr\/evenements\/conference-a-ligr-iae-rennes-dans-le-cadre-de-la-semaine-pour-la-qvtc-2026\/","og_site_name":"IGR IAE Rennes","twitter_card":"summary_large_image","twitter_misc":{"Dur\u00e9e de lecture estim\u00e9e":"1 minute"},"schema":{"@context":"https:\/\/schema.org","@graph":[{"@type":"WebPage","@id":"https:\/\/www.igr.univ-rennes.fr\/fr\/evenements\/conference-a-ligr-iae-rennes-dans-le-cadre-de-la-semaine-pour-la-qvtc-2026\/","url":"https:\/\/www.igr.univ-rennes.fr\/fr\/evenements\/conference-a-ligr-iae-rennes-dans-le-cadre-de-la-semaine-pour-la-qvtc-2026\/","name":"Conf\u00e9rence \u00e0 l\u2019IGR-IAE Rennes dans le cadre de la Semaine pour la QVTC 2026 - IGR IAE Rennes","isPartOf":{"@id":"https:\/\/www.igr.univ-rennes.fr\/fr\/#website"},"datePublished":"2026-04-09T13:29:13+00:00","breadcrumb":{"@id":"https:\/\/www.igr.univ-rennes.fr\/fr\/evenements\/conference-a-ligr-iae-rennes-dans-le-cadre-de-la-semaine-pour-la-qvtc-2026\/#breadcrumb"},"inLanguage":"fr-FR","potentialAction":[{"@type":"ReadAction","target":["https:\/\/www.igr.univ-rennes.fr\/fr\/evenements\/conference-a-ligr-iae-rennes-dans-le-cadre-de-la-semaine-pour-la-qvtc-2026\/"]}]},{"@type":"BreadcrumbList","@id":"https:\/\/www.igr.univ-rennes.fr\/fr\/evenements\/conference-a-ligr-iae-rennes-dans-le-cadre-de-la-semaine-pour-la-qvtc-2026\/#breadcrumb","itemListElement":[{"@type":"ListItem","position":1,"name":"Accueil","item":"https:\/\/www.igr.univ-rennes.fr\/fr\/"},{"@type":"ListItem","position":2,"name":"\u00c9venements","item":"https:\/\/www.igr.univ-rennes.fr\/fr\/evenements\/"},{"@type":"ListItem","position":3,"name":"Conf\u00e9rence \u00e0 l\u2019IGR-IAE Rennes dans le cadre de la Semaine pour la QVTC 2026"}]},{"@type":"WebSite","@id":"https:\/\/www.igr.univ-rennes.fr\/fr\/#website","url":"https:\/\/www.igr.univ-rennes.fr\/fr\/","name":"IGR IAE Rennes","description":"","publisher":{"@id":"https:\/\/www.igr.univ-rennes.fr\/fr\/#organization"},"potentialAction":[{"@type":"SearchAction","target":{"@type":"EntryPoint","urlTemplate":"https:\/\/www.igr.univ-rennes.fr\/fr\/?s={search_term_string}"},"query-input":{"@type":"PropertyValueSpecification","valueRequired":true,"valueName":"search_term_string"}}],"inLanguage":"fr-FR"},{"@type":"Organization","@id":"https:\/\/www.igr.univ-rennes.fr\/fr\/#organization","name":"IGR IAE Rennes","url":"https:\/\/www.igr.univ-rennes.fr\/fr\/","logo":{"@type":"ImageObject","inLanguage":"fr-FR","@id":"https:\/\/www.igr.univ-rennes.fr\/fr\/#\/schema\/logo\/image\/","url":"https:\/\/www.igr.univ-rennes.fr\/wp-content\/uploads\/2020\/06\/Logo-IGR-IAE-Rennes_Blanc-300dpi-RVB-e1597327228224.png","contentUrl":"https:\/\/www.igr.univ-rennes.fr\/wp-content\/uploads\/2020\/06\/Logo-IGR-IAE-Rennes_Blanc-300dpi-RVB-e1597327228224.png","width":290,"height":107,"caption":"IGR IAE Rennes"},"image":{"@id":"https:\/\/www.igr.univ-rennes.fr\/fr\/#\/schema\/logo\/image\/"}}]}},"_links":{"self":[{"href":"https:\/\/www.igr.univ-rennes.fr\/fr\/wp-json\/wp\/v2\/mec-events\/576472","targetHints":{"allow":["GET"]}}],"collection":[{"href":"https:\/\/www.igr.univ-rennes.fr\/fr\/wp-json\/wp\/v2\/mec-events"}],"about":[{"href":"https:\/\/www.igr.univ-rennes.fr\/fr\/wp-json\/wp\/v2\/types\/mec-events"}],"author":[{"embeddable":true,"href":"https:\/\/www.igr.univ-rennes.fr\/fr\/wp-json\/wp\/v2\/users\/11"}],"replies":[{"embeddable":true,"href":"https:\/\/www.igr.univ-rennes.fr\/fr\/wp-json\/wp\/v2\/comments?post=576472"}],"version-history":[{"count":1,"href":"https:\/\/www.igr.univ-rennes.fr\/fr\/wp-json\/wp\/v2\/mec-events\/576472\/revisions"}],"predecessor-version":[{"id":576475,"href":"https:\/\/www.igr.univ-rennes.fr\/fr\/wp-json\/wp\/v2\/mec-events\/576472\/revisions\/576475"}],"wp:attachment":[{"href":"https:\/\/www.igr.univ-rennes.fr\/fr\/wp-json\/wp\/v2\/media?parent=576472"}],"wp:term":[{"taxonomy":"post_tag","embeddable":true,"href":"https:\/\/www.igr.univ-rennes.fr\/fr\/wp-json\/wp\/v2\/tags?post=576472"},{"taxonomy":"mec_category","embeddable":true,"href":"https:\/\/www.igr.univ-rennes.fr\/fr\/wp-json\/wp\/v2\/mec_category?post=576472"}],"curies":[{"name":"wp","href":"https:\/\/api.w.org\/{rel}","templated":true}]}}

Conférence à l’IGR-IAE Rennes dans le cadre de la Semaine pour la QVTC 2026

<p>L’Agence Régionale Aract Bretagne – Anact et l’IGR-IAE Rennes organisent un événement participatif et inspirant pour répondre à la question «Comment créer les conditions d’un management vertueux, porteur de qualité de vie et des conditions de travail (QVCT) ?», du 15 au 19 juin 2026.</p>
<p>Une conférence se déroulera le 15 juin à l&rsquo;IGR-IAE Rennes.</p>
<p><a href="https://www.igr.univ-rennes.fr/fr/conference-a-ligr-iae-rennes-dans-le-cadre-de-la-semaine-pour-la-sqvt-2026/" target="_blank" rel="noopener">Plus d&rsquo;informations</a></p>

<p>L’Agence Régionale Aract Bretagne – Anact et l’IGR-IAE Rennes organisent un événement participatif et inspirant pour répondre à la question [&hellip;]</p>

<!-- This site is optimized with the Yoast SEO plugin v27.5 - https://yoast.com/product/yoast-seo-wordpress/ -->
<title>Conférence à l’IGR-IAE Rennes dans le cadre de la Semaine pour la QVTC 2026 - IGR IAE Rennes</title>
<meta name="robots" content="index, follow, max-snippet:-1, max-image-preview:large, max-video-preview:-1" />
<link rel="canonical" href="https://www.igr.univ-rennes.fr/fr/evenements/conference-a-ligr-iae-rennes-dans-le-cadre-de-la-semaine-pour-la-qvtc-2026/" />
<meta property="og:locale" content="fr_FR" />
<meta property="og:type" content="article" />
<meta property="og:title" content="Conférence à l’IGR-IAE Rennes dans le cadre de la Semaine pour la QVTC 2026 - IGR IAE Rennes" />
<meta property="og:description" content="L’Agence Régionale Aract Bretagne – Anact et l’IGR-IAE Rennes organisent un événement participatif et inspirant pour répondre à la question [&hellip;]" />
<meta property="og:url" content="https://www.igr.univ-rennes.fr/fr/evenements/conference-a-ligr-iae-rennes-dans-le-cadre-de-la-semaine-pour-la-qvtc-2026/" />
<meta property="og:site_name" content="IGR IAE Rennes" />
<meta name="twitter:card" content="summary_large_image" />
<meta name="twitter:label1" content="Durée de lecture estimée" />
	<meta name="twitter:data1" content="1 minute" />
<script type="application/ld+json" class="yoast-schema-graph">{"@context":"https:\/\/schema.org","@graph":[{"@type":"WebPage","@id":"https:\/\/www.igr.univ-rennes.fr\/fr\/evenements\/conference-a-ligr-iae-rennes-dans-le-cadre-de-la-semaine-pour-la-qvtc-2026\/","url":"https:\/\/www.igr.univ-rennes.fr\/fr\/evenements\/conference-a-ligr-iae-rennes-dans-le-cadre-de-la-semaine-pour-la-qvtc-2026\/","name":"Conférence à l’IGR-IAE Rennes dans le cadre de la Semaine pour la QVTC 2026 - IGR IAE Rennes","isPartOf":{"@id":"https:\/\/www.igr.univ-rennes.fr\/fr\/#website"},"datePublished":"2026-04-09T13:29:13+00:00","breadcrumb":{"@id":"https:\/\/www.igr.univ-rennes.fr\/fr\/evenements\/conference-a-ligr-iae-rennes-dans-le-cadre-de-la-semaine-pour-la-qvtc-2026\/#breadcrumb"},"inLanguage":"fr-FR","potentialAction":[{"@type":"ReadAction","target":["https:\/\/www.igr.univ-rennes.fr\/fr\/evenements\/conference-a-ligr-iae-rennes-dans-le-cadre-de-la-semaine-pour-la-qvtc-2026\/"]}]},{"@type":"BreadcrumbList","@id":"https:\/\/www.igr.univ-rennes.fr\/fr\/evenements\/conference-a-ligr-iae-rennes-dans-le-cadre-de-la-semaine-pour-la-qvtc-2026\/#breadcrumb","itemListElement":[{"@type":"ListItem","position":1,"name":"Accueil","item":"https:\/\/www.igr.univ-rennes.fr\/fr\/"},{"@type":"ListItem","position":2,"name":"Évenements","item":"https:\/\/www.igr.univ-rennes.fr\/fr\/evenements\/"},{"@type":"ListItem","position":3,"name":"Conférence à l’IGR-IAE Rennes dans le cadre de la Semaine pour la QVTC 2026"}]},{"@type":"WebSite","@id":"https:\/\/www.igr.univ-rennes.fr\/fr\/#website","url":"https:\/\/www.igr.univ-rennes.fr\/fr\/","name":"IGR IAE Rennes","description":"","publisher":{"@id":"https:\/\/www.igr.univ-rennes.fr\/fr\/#organization"},"potentialAction":[{"@type":"SearchAction","target":{"@type":"EntryPoint","urlTemplate":"https:\/\/www.igr.univ-rennes.fr\/fr\/?s={search_term_string}"},"query-input":{"@type":"PropertyValueSpecification","valueRequired":true,"valueName":"search_term_string"}}],"inLanguage":"fr-FR"},{"@type":"Organization","@id":"https:\/\/www.igr.univ-rennes.fr\/fr\/#organization","name":"IGR IAE Rennes","url":"https:\/\/www.igr.univ-rennes.fr\/fr\/","logo":{"@type":"ImageObject","inLanguage":"fr-FR","@id":"https:\/\/www.igr.univ-rennes.fr\/fr\/#\/schema\/logo\/image\/","url":"https:\/\/www.igr.univ-rennes.fr\/wp-content\/uploads\/2020\/06\/Logo-IGR-IAE-Rennes_Blanc-300dpi-RVB-e1597327228224.png","contentUrl":"https:\/\/www.igr.univ-rennes.fr\/wp-content\/uploads\/2020\/06\/Logo-IGR-IAE-Rennes_Blanc-300dpi-RVB-e1597327228224.png","width":290,"height":107,"caption":"IGR IAE Rennes"},"image":{"@id":"https:\/\/www.igr.univ-rennes.fr\/fr\/#\/schema\/logo\/image\/"}}]}</script>
<!-- / Yoast SEO plugin. -->

Conférence à l’IGR-IAE Rennes dans le cadre de la Semaine pour la QVTC 2026 - IGR IAE Rennes

L’Agence Régionale Aract Bretagne – Anact et l’IGR-IAE Rennes organisent un événement participatif et inspirant pour répondre à la question [&hellip;]

Évenements
