{"version":"1.0","provider_name":"IGR IAE Rennes","provider_url":"https:\/\/www.igr.univ-rennes.fr\/fr\/","title":"Journ\u00e9e Revel&rsquo;assos 2024 - IGR IAE Rennes","type":"rich","width":600,"height":338,"html":"<blockquote class=\"wp-embedded-content\" data-secret=\"gvTcEDDAbE\"><a href=\"https:\/\/www.igr.univ-rennes.fr\/fr\/journee-revelassos-2024-2\/\">Journ\u00e9e Revel&rsquo;assos 2024<\/a><\/blockquote><iframe sandbox=\"allow-scripts\" security=\"restricted\" src=\"https:\/\/www.igr.univ-rennes.fr\/fr\/journee-revelassos-2024-2\/embed\/#?secret=gvTcEDDAbE\" width=\"600\" height=\"338\" title=\"\u00ab\u00a0Journ\u00e9e Revel&rsquo;assos 2024\u00a0\u00bb &#8212; IGR IAE Rennes\" data-secret=\"gvTcEDDAbE\" frameborder=\"0\" marginwidth=\"0\" marginheight=\"0\" scrolling=\"no\" class=\"wp-embedded-content\"><\/iframe><script>\n\/*! This file is auto-generated *\/\n!function(c,d){\"use strict\";var e=!1,o=!1;if(d.querySelector)if(c.addEventListener)e=!0;if(c.wp=c.wp||{},c.wp.receiveEmbedMessage);else if(c.wp.receiveEmbedMessage=function(e){var t=e.data;if(!t);else if(!(t.secret||t.message||t.value));else if(\/[^a-zA-Z0-9]\/.test(t.secret));else{for(var r,s,a,i=d.querySelectorAll('iframe[data-secret=\"'+t.secret+'\"]'),n=d.querySelectorAll('blockquote[data-secret=\"'+t.secret+'\"]'),o=new RegExp(\"^https?:$\",\"i\"),l=0;l<n.length;l++)n[l].style.display=\"none\";for(l=0;l<i.length;l++)if(r=i[l],e.source!==r.contentWindow);else{if(r.removeAttribute(\"style\"),\"height\"===t.message){if(1e3<(s=parseInt(t.value,10)))s=1e3;else if(~~s<200)s=200;r.height=s}if(\"link\"===t.message)if(s=d.createElement(\"a\"),a=d.createElement(\"a\"),s.href=r.getAttribute(\"src\"),a.href=t.value,!o.test(a.protocol));else if(a.host===s.host)if(d.activeElement===r)c.top.location.href=t.value}}},e)c.addEventListener(\"message\",c.wp.receiveEmbedMessage,!1),d.addEventListener(\"DOMContentLoaded\",t,!1),c.addEventListener(\"load\",t,!1);function t(){if(o);else{o=!0;for(var e,t,r,s=-1!==navigator.appVersion.indexOf(\"MSIE 10\"),a=!!navigator.userAgent.match(\/Trident.*rv:11\\.\/),i=d.querySelectorAll(\"iframe.wp-embedded-content\"),n=0;n<i.length;n++){if(!(r=(t=i[n]).getAttribute(\"data-secret\")))r=Math.random().toString(36).substr(2,10),t.src+=\"#?secret=\"+r,t.setAttribute(\"data-secret\",r);if(s||a)(e=t.cloneNode(!0)).removeAttribute(\"security\"),t.parentNode.replaceChild(e,t);t.contentWindow.postMessage({message:\"ready\",secret:r},\"*\")}}}}(window,document);\n<\/script>\n","thumbnail_url":"https:\/\/www.igr.univ-rennes.fr\/wp-content\/uploads\/2024\/02\/VFIGRIAEV10.jpg","thumbnail_width":1920,"thumbnail_height":1080,"description":"Jeudi 21 mars prochain aura lieu le Revel\u2019Assos, un \u00e9v\u00e9nement fort de la vie associative de notre \u00e9tablissement. C\u2019est le moment pour nos \u00e9tudiants de pr\u00e9senter leurs projets associatifs devant un jury compos\u00e9 de professionnels et d\u2019enseignants. Ce rendez-vous annuel permet d\u2019\u00e9valuer tout le travail accompli par nos \u00e9tudiants au cours de leur ann\u00e9e associative."}

Journée Revel&rsquo;assos 2024 - IGR IAE Rennes

<blockquote class="wp-embedded-content" data-secret="gvTcEDDAbE"><a href="https://www.igr.univ-rennes.fr/fr/journee-revelassos-2024-2/">Journée Revel&rsquo;assos 2024</a></blockquote><iframe sandbox="allow-scripts" security="restricted" src="https://www.igr.univ-rennes.fr/fr/journee-revelassos-2024-2/embed/#?secret=gvTcEDDAbE" width="600" height="338" title="« Journée Revel&rsquo;assos 2024 » &#8212; IGR IAE Rennes" data-secret="gvTcEDDAbE" frameborder="0" marginwidth="0" marginheight="0" scrolling="no" class="wp-embedded-content"></iframe><script>
/*! This file is auto-generated */
!function(c,d){"use strict";var e=!1,o=!1;if(d.querySelector)if(c.addEventListener)e=!0;if(c.wp=c.wp||{},c.wp.receiveEmbedMessage);else if(c.wp.receiveEmbedMessage=function(e){var t=e.data;if(!t);else if(!(t.secret||t.message||t.value));else if(/[^a-zA-Z0-9]/.test(t.secret));else{for(var r,s,a,i=d.querySelectorAll('iframe[data-secret="'+t.secret+'"]'),n=d.querySelectorAll('blockquote[data-secret="'+t.secret+'"]'),o=new RegExp("^https?:$","i"),l=0;l<n.length;l++)n[l].style.display="none";for(l=0;l<i.length;l++)if(r=i[l],e.source!==r.contentWindow);else{if(r.removeAttribute("style"),"height"===t.message){if(1e3<(s=parseInt(t.value,10)))s=1e3;else if(~~s<200)s=200;r.height=s}if("link"===t.message)if(s=d.createElement("a"),a=d.createElement("a"),s.href=r.getAttribute("src"),a.href=t.value,!o.test(a.protocol));else if(a.host===s.host)if(d.activeElement===r)c.top.location.href=t.value}}},e)c.addEventListener("message",c.wp.receiveEmbedMessage,!1),d.addEventListener("DOMContentLoaded",t,!1),c.addEventListener("load",t,!1);function t(){if(o);else{o=!0;for(var e,t,r,s=-1!==navigator.appVersion.indexOf("MSIE 10"),a=!!navigator.userAgent.match(/Trident.*rv:11\./),i=d.querySelectorAll("iframe.wp-embedded-content"),n=0;n<i.length;n++){if(!(r=(t=i[n]).getAttribute("data-secret")))r=Math.random().toString(36).substr(2,10),t.src+="#?secret="+r,t.setAttribute("data-secret",r);if(s||a)(e=t.cloneNode(!0)).removeAttribute("security"),t.parentNode.replaceChild(e,t);t.contentWindow.postMessage({message:"ready",secret:r},"*")}}}}(window,document);
</script>

Jeudi 21 mars prochain aura lieu le Revel’Assos, un événement fort de la vie associative de notre établissement. C’est le moment pour nos étudiants de présenter leurs projets associatifs devant un jury composé de professionnels et d’enseignants. Ce rendez-vous annuel permet d’évaluer tout le travail accompli par nos étudiants au cours de leur année associative.
